*x = 4641. What is the highest common factor of 13 and x?
13
Let i(q) = 8*q**3 - 4*q**2 + 3*q. Let l be i(2). What is the highest common divisor of l and 378?
54
Let f = 147 - 105. Let h(o) = o**2 - 59*o + 226. Let w be h(4). Calculate the greatest common divisor of f and w.
6
Let n be 2/6 - (0 - (-1673)/(-3)). Calculate the greatest common divisor of n and 54.
18
Let z = 48 - 49. Let x be 2 - ((-111)/4 + z/4). Calculate the highest common divisor of x and 75.
15
Suppose -137 - 13 = 3*x. Let z = x + 53. Calculate the greatest common factor of z and 3.
3
Suppose -42*d - 3*s + 118 = -40*d, 2*s = -d + 61. Calculate the highest common divisor of 53 and d.
53
Suppose 20 = -0*m + 2*m. Let t be ((-4)/6 + (-2)/6)*2. Let u be (1 + 1/2)*(t - -22). Calculate the highest common divisor of u and m.
10
Let m(l) = 2*l**2 - 18*l + 1. Let p be m(14). Let x = p + -87. What is the highest common factor of 72 and x?
18
Let c = -509 + 644. Calculate the greatest common factor of c and 315.
45
Let u(m) = 24*m + 1. Let v be u(-1). Let q = v - -51. Let a = q - 16. What is the greatest common factor of a and 18?
6
Suppose -9 - 3 = -6*y. Let w be (-1)/((-6)/112) - y/(-6). What is the highest common factor of 19 and w?
19
Let w = 2802 - 2277. Calculate the greatest common factor of w and 735.
105
Let o be (-112)/(-21)*(-81)/(-12). Calculate the greatest common divisor of o and 12.
12
Suppose 5*n = 2*b - 74, 124 = 4*b - 287*n + 289*n. Calculate the highest common factor of 1120 and b.
32
Let i(g) = g + 6. Let r be i(0). Let s be 4/6*(35 + -17). What is the greatest common factor of s and r?
6
Let q be 2 + (3 - (-1 - -2)). Suppose 141 = q*x + 29. Suppose a - 24 + 10 = 0. Calculate the greatest common divisor of x and a.
14
Let d be (-9)/(-4)*5/(15/12). Calculate the greatest common divisor of d and 171.
9
Suppose 4*a - 5 - 7 = 0. Let h = 8 - a. Suppose -2 = -v + 5*t + 3, 4*v + h*t - 95 = 0. Calculate the highest common factor of 4 and v.
4
Let k be ((-30)/9)/5 + 141/9. Let l be ((-36)/k)/(9/(-30)). Calculate the highest common factor of l and 32.
8
Let t = 101 - 100. Suppose -2*g - t = -4*j + 1, 2*g + j - 8 = 0. What is the greatest common factor of g and 24?
3
Let q = 10 + 6. Suppose -h = 3*h - q. Let s(x) = 40*x + 490. Let l be s(-12). What is the greatest common factor of h and l?
2
Suppose -37 = -5*u + 8. Let l be 10/(-45) + 65/u. Let c be (-4)/10 + 111/15. What is the highest common divisor of l and c?
7
Let v = -123 - -552. What is the highest common divisor of v and 33?
33
Suppose -2*o = -6*o + 4*i + 436, 5*o + 4*i - 590 = 0. Suppose -4*a + o = 18. Calculate the greatest common divisor of a and 96.
24
Suppose -4*z = -8*z + 1628. Suppose w - 125 = 4*j, -4*w - 2 + z = 3*j. What is the highest common factor of 30 and w?
15
Suppose -4*l + 4 = -2*l. Let u be 20 + (-3 - (l + -3)). Let w be 3729/u - 3/18. What is the greatest common factor of w and 23?
23
Let c(v) = -v + 10 + 0*v + 0*v. Let k be c(8). Let r be ((-5)/15)/(k/(-210)). What is the greatest common divisor of 14 and r?
7
Let l = 157 + -126. Suppose l = -7*u + 8*u. Calculate the greatest common divisor of 155 and u.
31
Let a(w) = 4*w + 194. Let o be a(-14). What is the highest common divisor of o and 161?
23
Let h be ((-24)/5)/((-1)/20). Suppose -p + 14803 = 83*p + 2707. Calculate the greatest common factor of p and h.
48
Suppose 220 = -10*q + 21*q. Calculate the greatest common divisor of 28 and q.
4
Let f be 206/14 + ((-132)/42)/(-11). What is the highest common divisor of 1065 and f?
15
Let f be (-16)/104 - (54/(-13) - -2). Calculate the greatest common divisor of f and 11.
1
Suppose -4*p = 2*z - 12, 5*z = -p + 2 + 1. Suppose 0 = s, x - 2*s - 2*s = p. Let d be 1*6/x + 4. Calculate the greatest common factor of d and 42.
6
Let f be (-784)/126 + 4/18. Suppose 6*c - 15 = c, 13 = z - c. Let d = f + z. Calculate the greatest common divisor of 10 and d.
10
Let t = 297 - 280. What is the highest common divisor of t and 136?
17
Let h(m) = -m**2 - 19*m + 13. Let c be h(-20). Let s be c/(14/(-6)) - (3 + -2). What is the greatest common divisor of s and 2?
2
Let g be ((-3)/1 + -21)/(-1). Suppose -2*h = -g + 2. Suppose -5*d + 88 = -132. What is the highest common divisor of h and d?
11
Suppose 18*m = 2*m + 16. What is the greatest common factor of m and 13?
1
Let w(n) = 25*n - 45. Let p be w(3). Calculate the highest common factor of p and 480.
30
Let l = 3 - 1. Suppose -g + 15 = -n + 3, -3*g = -l*n - 29. Let x(j) = j**3 + 6*j**2 - 8*j - 2. Let s be x(n). What is the greatest common factor of s and 55?
5
Let m = -3 + 6. Let g = -14 + 16. Let r be m + -2 + 1 + g. Calculate the greatest common factor of 36 and r.
4
Let s be (86/(-7))/(((-114)/84)/19). What is the greatest common factor of s and 731?
43
Suppose 5467 - 18733 = -9*f. Calculate the greatest common factor of 134 and f.
134
Let n(w) be the first derivative of 8*w**3/3 - w**2/2 - 4*w - 2. Let o be n(4). Let u = -15 + o. Calculate the highest common divisor of 21 and u.
21
Suppose 18*q - 1906 + 448 = 0. What is the greatest common divisor of 3 and q?
3
Suppose -396 = -29*b + 358. What is the highest common factor of b and 338?
26
Let i be (7 - 3) + 18/3. Suppose -559 = i*y - 1459. Calculate the highest common factor of 10 and y.
10
Suppose 8*f = 6*f + 3*q + 70, 2*q = 2*f - 72. What is the highest common divisor of 209 and f?
19
Let f(r) = r**3 - 4*r**2 - 6*r + 4. Let o be f(5). Let k be (-5)/o*16/10. Suppose -10*q + k*q = -468. What is the highest common factor of 26 and q?
26
Let b be 2*(-14)/8*2. Let p = b - -9. Calculate the greatest common divisor of 3 and p.
1
Suppose -144 = -12*k + 8*k. What is the highest common divisor of k and 2556?
36
Let d(r) = 2*r**2 + 6*r - 17. Let n be d(-7). Calculate the highest common divisor of n and 117.
39
Suppose c - j = -3*j, 2*c = 4*j + 24. Suppose -5*u + 3*a + 0*a = -477, 0 = 5*u + 4*a - 484. Calculate the highest common divisor of c and u.
6
Let y(d) = 2*d + 5. Let a(n) = 1. Let z(u) = -4*a(u) + y(u). Let m be z(6). Let x(k) = 15*k - 2. Let o be x(1). What is the highest common divisor of o and m?
13
Let p be (-175)/(2/(0 - 2)). Let n be (-27)/36 + 37/(-4). Let f be (-64)/n*p/10. What is the highest common divisor of f and 14?
14
Let s(i) = -2*i**2 + 58*i + 425. Let f be s(-6). Let l = -1 + 1. Let c(d) = d**3 - d**2 + 45. Let j be c(l). Calculate the greatest common factor of j and f.
5
Let z = -27 + 30. Suppose -z*q + 36 = q + 2*y, -3*y + 43 = 5*q. Let h(g) = g**2 - 8*g - 7. Let r be h(q). What is the highest common divisor of 130 and r?
26
Let d = -115 + 116. Let l = -13 + 16. What is the greatest common divisor of l and d?
1
Let d(r) = r + 6. Let i(h) = 3*h**3 - h**2 - h. Let k be i(-1). Let u be d(k). Suppose 0*z + u*z = 165. What is the greatest common factor of z and 5?
5
Let q be 4/4 + -2 + 1. Suppose -d - 2*b + 57 = q, d + d - 5*b - 150 = 0. Let m = d + -5. What is the greatest common divisor of m and 24?
12
Suppose -16 = 8*t - 0. Let h(l) = l**2 - l - 5. Let s be h(t). What is the greatest common factor of 13 and s?
1
Suppose 4*g - 8 = 0, -3*u + g = -58 - 801. What is the greatest common factor of 14 and u?
7
Suppose 0 = k + 4*i + 15, 5*i + 9 = k - 12. Let m(y) = -k - 15*y + 4*y - 18*y. Let l be m(-2). What is the greatest common factor of l and 38?
19
Let m = 327 + -285. Calculate the highest common divisor of 6 and m.
6
Let b be 1 - -3 - (78 - 5). Let d = -9 - b. Calculate the highest common divisor of d and 12.
12
Let z = -435 - -858. Suppose -11*a + 545 = -z. Calculate the greatest common factor of 11 and a.
11
Let z = -12 - -76. Let n be (10/(-3))/(6/(-9)). Suppose 5*g - 4*t = 100, -g - 3 = n*t + 6. What is the greatest common factor of g and z?
16
Let x be (-4)/10 + 22/5. Suppose -10 = 3*s + 2*s, -z + 5*s = -52. Let w = 70 - z. Calculate the highest common factor of x and w.
4
Let u = 74 - 69. Suppose -2*a = -0*a + 10, t - 40 = -a. What is the greatest common divisor of u and t?
5
Suppose 0 = 20*r - 26*r + 264. Suppose 174 = 3*g - 3*n, 0 = g - 3*n - r - 18. Calculate the greatest common divisor of 16 and g.
8
Let x(q) = -46*q**2 - 2*q + 1. Let h be x(1). Let s = h - -92. Calculate the greatest common divisor of s and 30.
15
Let y(k) = k**3 - 7*k**2 + 5*k - 7. Let q = -64 - -71. Let g be y(q). Suppose -5